 factors of (-3)/o*612/(-27)?
2, 17
Let m = -11 + 15. Suppose -j + 3*g + 9 = 0, -2*j + 4*g + 14 = -0*j. Suppose -j*n - 33 = -m*n - c, -2*n = c - 62. List the prime factors of n.
29
Let w be 4/(-18) + (-76)/(-18). Suppose 0 = -4*i + 12, 80 = 5*r + w*i + i. Let o = 22 - r. What are the prime factors of o?
3
Let f be 2*(5/10 - -1). Suppose x - 3*x = -t - 265, f*t + 255 = 2*x. What are the prime factors of x?
3, 5
Let m(c) = c**3 + 4*c**2 + 3*c. Let u be m(-2). Let g = 2 + u. Suppose 3*n + 9 + 21 = h, 0 = g*h + 4*n - 152. List the prime factors of h.
2, 3
Let x(l) = -l - 10. Let k be x(-12). Suppose g = -2*a - 9, -3*g - 3*a = k*a + 23. Let q = 12 + g. List the prime factors of q.
11
Suppose 0 = 5*v + 2*q + 18 - 147, 133 = 5*v + 4*q. Let t = 31 - v. List the prime factors of 93/(1/(t/9)).
2, 31
Let b(y) = -17*y - 136. What are the prime factors of b(-25)?
17
Let q(i) = 9*i**2 + 21*i + 13. Let y(f) = 4*f**2 + 11*f + 7. Let b(r) = -6*q(r) + 13*y(r). What are the prime factors of b(6)?
43
Suppose 11*l - 16989 - 6287 = 0. What are the prime factors of l?
2, 23
Suppose 37 + 1153 = 7*w. List the prime factors of w.
2, 5, 17
Let h = -514 - -2201. What are the prime factors of h?
7, 241
Suppose z = -0*z - 6. Let m = 47 + -66. Let o = z - m. List the prime factors of o.
13
Suppose 2*q = 3*q. Suppose 8*p - 3*p - 240 = q. Suppose -3*k + p = -18. What are the prime factors of k?
2, 11
Let u = 328 - -2524. List the prime factors of u.
2, 23, 31
Suppose 4*x - 390 = 750. Suppose 4*j - x = -j. What are the prime factors of j?
3, 19
Let i be ((-208)/6)/((-24)/(-180)). What are the prime factors of (-2)/9 - i/117?
2
List the prime factors of (474 - (18 + -11))/(0 + 1).
467
Suppose -3*d + 22 = 6*a - a, 5*a - 3*d = 28. Suppose -a*y = 3*f - 154, 47 = -4*f + 3*y + 204. What are the prime factors of f?
43
What are the prime factors of ((-32)/6)/((-150)/167175)?
2, 743
Suppose 0 = 7*o - 2*o + 630. Let x be ((-4)/7)/(36/o). Suppose -2*d + 5*i = -7*d + 95, -14 = -x*d + 4*i. List the prime factors of d.
3, 5
Suppose 2*w + 99*n - 95*n = 982, -5*n = -3*w + 1451. List the prime factors of w.
487
Suppose 16*z - 10*z - 2058 = 0. What are the prime factors of z?
7
Let n(q) be the first derivative of -q**4/4 + 6*q**3 - 7*q**2 - 13*q + 8. What are the prime factors of n(17)?
2, 19
Let f = 1032 - 787. List the prime factors of f.
5, 7
Suppose 4*v = -5*x + 646, -4*x + 5*v - 3*v = -496. Let i = 185 - x. What are the prime factors of i?
59
Let x(g) = -3*g. Let h be x(4). Let s = h - -17. List the prime factors of 1/(-1) + (s - -39).
43
Let y = 7 + -3. Suppose 4*b - y*n = 220, -2*n - n = 2*b - 110. What are the prime factors of b?
5, 11
Let i = 310 - -1703. List the prime factors of i.
3, 11, 61
Let g be (-194)/(-6) + 4/(-12). Let m = 77 - g. List the prime factors of m.
3, 5
Let l(p) = p**3 - p**2 - p + 3. Let o be l(0). Suppose 5*x = o*x + 124. Suppose x - 14 = 2*w + 2*h, -5*w = -5*h - 160. List the prime factors of w.
2, 7
Let k be 10/(-30)*(-13 + 1). Suppose 15 = 3*n, -2*w + 20 = -k*w + 2*n. Let s(q) = q**2 + 3. List the prime factors of s(w).
2, 7
Suppose -i = -4*o + 299, -4*o - o - i = -376. Let q = o + -45. List the prime factors of q.
2, 3, 5
What are the prime factors of -1*((-9)/(36/1960) + 4)?
2, 3
Suppose 25*u - 32*u = -2198. What are the prime factors of u?
2, 157
Suppose 3*z + z + 24 = 0. Let m = 14 + z. What are the prime factors of m?
2
Suppose -13 - 12 = -3*z - p, 0 = -3*z + 5*p + 55. Suppose -5*o = -5*w + 40, 5*w - 3*o - 17 = 19. Suppose -w = -r + z. List the prime factors of r.
2
Suppose -6 = w - 9. Suppose -3*y = -w*b - 21, -4*b + 12 = 3*y + y. Suppose 1 = l, 0*f - y = -f - l. What are the prime factors of f?
2
Let u(m) = 38*m - 25. What are the prime factors of u(12)?
431
Let q(m) = -3 + 3*m - 2 - 5*m + m. Let j be q(-9). Suppose 0 = -4*o + 24 + j. List the prime factors of o.
7
Let k(m) be the second derivative of -m**3/6 + 2*m**2 - m. Let r be k(4). Let c(h) = -h**3 + h**2 + h + 3. What are the prime factors of c(r)?
3
Suppose -2111 = -5*s - 4*l + 278, 1911 = 4*s + 3*l. List the prime factors of s.
3, 53
Let u(n) = 194*n - 66. What are the prime factors of u(3)?
2, 3, 43
What are the prime factors of ((-936)/40)/((-1)/35)?
3, 7, 13
Suppose 5 = 3*u - 4. Let n be u - -17*(-4 + 13). Suppose 7 + 8 = 5*f, 0 = 3*r + 3*f - n. List the prime factors of r.
7
Let j(t) = -t - 9. Let q be j(-8). Let c = q + 6. Suppose 0 = 2*n + 2*v + 2*v - 56, -82 = -3*n - c*v. List the prime factors of n.
2, 3
Let s = 737 - 205. What are the prime factors of s?
2, 7, 19
Suppose 0 = 16*w - 1063 - 1945. What are the prime factors of w?
2, 47
Suppose -q = -s + 2663, 3*q = 11 - 5. List the prime factors of s.
5, 13, 41
Suppose -5*q = -6884 + 3729. What are the prime factors of q?
631
Let g be (-496 + -3)/(2/(-2)). Let a = g - 353. What are the prime factors of a?
2, 73
Let q(y) = -4*y**3 - 3*y**2 + 8*y + 6. Let g be q(-4). Suppose -4*o = -4*k - g - 286, 5*k - 25 = 0. What are the prime factors of o?
2, 61
Let n = 12 - 10. Let v = n - 0. List the prime factors of (v/6)/((-4)/(-264)).
2, 11
Suppose -4738 = -7*i - 475. What are the prime factors of i?
3, 7, 29
Let c(k) = 23*k**2 - 8*k + 21. List the prime factors of c(7).
2, 3, 7, 13
Suppose 9*d = d + 8. List the prime factors of 2 + (-3 + 3)*d/4.
2
Suppose 9 = 3*h, 0 = -0*o - 2*o + 5*h + 35. Let c = 44 - o. Let x = c + -13. List the prime factors of x.
2, 3
Suppose 53 = -3*u + 11. What are the prime factors of 312*(4 + u/4)?
2, 3, 13
Let h be 142/4 - (-5)/10. Let n(u) = -u + 11. Let s be n(20). Let y = h + s. What are the prime factors of y?
3
What are the prime factors of (-435)/(-58)*276/10?
3, 23
Suppose 62 + 630 = 4*r. Let i = 93 - r. Let g = -48 - i. List the prime factors of g.
2
Suppose 3*n = 5*n. Suppose -7*a + 1399 + 36 = n. List the prime factors of a.
5, 41
Let n = 258 + -106. Let a = 137 + n. List the prime factors of a.
17
Let o(m) = -m**3 - 6*m**2 - 3*m + 4. Let y be o(-5). Let p = 9 + y. List the prime factors of 19 + p + -6 + 2.
2, 3
Let k = 1 - -2. Suppose -3*u + k*j = j - 68, -66 = -3*u + 3*j. Suppose -u - 10 = -2*x. What are the prime factors of x?
17
Let m(n) = 184*n**2 + 8*n + 4. What are the prime factors of m(2)?
2, 3, 7
Let n be 2*12/(1 + 2). Suppose 7*u + n = 8*u. Suppose -u = -2*i - 3*q + 43, 2*i + 2*q - 54 = 0. List the prime factors of i.
2, 3, 5
Let u(l) = -2*l - 4. Let a be u(-4). Suppose 221 = -0*f + a*f - n, -191 = -4*f - 5*n. Suppose 0 = 4*t - 38 - f. List the prime factors of t.
23
Suppose 5016 = i + 11*i. What are the prime factors of i?
2, 11, 19
Let c be (-2)/4*((-2)/(-1) - 10). Let n = 191 - 343. What are the prime factors of -4 - n/(c - 0)?
2, 17
Let g(b) = b**3 + 18*b**2 + 8*b - 24. What are the prime factors of g(-17)?
3, 43
Let d be ((-5 - -3) + 1)*-239. Suppose -3*u + 0*u = 5*f - 237, -5*f = u - d. What are the prime factors of f?
2, 3
Suppose 4*w = -5*b - 0*w + 82, -2*w = -2*b + 40. Suppose 0*q + 3*q + b = 0. Let v(a) = -a**3 - 4*a**2 + 6*a - 8. What are the prime factors of v(q)?
2, 7
Let v = -22 + 20. Let y = -7 - v. Let r(h) = h**2 + 6*h + 8. List the prime factors of r(y).
3
Let g(f) = 5*f**2 - 26*f - 47. List the prime factors of g(12).
19
Let b = -2084 + 2928. What are the prime factors of b?
2, 211
Let w be 4/(-9) - 4998/(-189). Suppose -f = 4 - 3, 2*d + 2*f = 152. Let h = d - w. What are the prime factors of h?
3, 17
Let t(w) = -6*w - 13. Let k(o) = -o**3 + 3*o**2 - 2*o - 8. Let u be k(6). Let i be u/24 - (-4)/(-6). What are the prime factors of t(i)?
23
Let b = -1193 - -2012. What are the prime factors of b?
3, 7, 13
What are the prime factors of (728/6)/(-7)*111*-1?
2, 13, 37
List the prime factors of 648/60 - (-2)/10.
11
Suppose 2*h - 5*l = 7275, 7*l - 7269 = -2*h + 10*l. What are the prime factors of h?
2, 3, 5, 11
Let n(p) = -p**2 - 71*p - 390. What are the prime factors of n(-30)?
2, 3, 5, 7
Let d = 7733 - 4251. List the prime factors of d.
2, 1741
Suppose 2249 = -7*i + 7597. What are the prime factors of i?
2, 191
Let u = 2 + 26. Let d = -43 - -26. Let k = d + u. List the prime factors of k.
11
Let m(k) = k**3 + 2*k**2 - 7*k - 5. Suppose -8*t = -5*t + 12. Let d be m(t). Let s(g) = g**3 + 9*g**2 - 2*g - 13. List the prime factors of s(d).
5
Let w(u) = u**3 + 30*u**2 - 33*u - 3. What are